hat are the prime factors of 1081435424?
2, 79, 151, 2833
What are the prime factors of 321218743?
53, 613, 9887
What are the prime factors of 94396703?
1511, 62473
What are the prime factors of 600221467?
13159, 45613
What are the prime factors of 2052208451?
311, 6598741
What are the prime factors of 81088287?
3, 7, 78803
What are the prime factors of 42374575?
5, 71, 23873
What are the prime factors of 374325659?
374325659
List the prime factors of 1351658793.
3, 1499, 300569
What are the prime factors of 276704217?
3, 30744913
List the prime factors of 263838719.
263838719
List the prime factors of 19625797.
19625797
List the prime factors of 77683978.
2, 38841989
List the prime factors of 406402682.
2, 7, 1259, 23057
List the prime factors of 362226185.
5, 41, 647, 2731
List the prime factors of 34779353.
7, 4968479
What are the prime factors of 75022207?
13, 17, 339467
What are the prime factors of 692446226?
2, 1217, 284489
What are the prime factors of 18492226?
2, 17, 543889
What are the prime factors of 29904768?
2, 3, 17, 509
What are the prime factors of 733002535?
5, 61, 2403287
List the prime factors of 155615950.
2, 5, 7, 53, 8389
What are the prime factors of 45766789?
107, 427727
What are the prime factors of 16231743?
3, 11, 127, 1291
What are the prime factors of 1916682032?
2, 199, 523, 1151
List the prime factors of 594050047.
743, 799529
List the prime factors of 247928834.
2, 19, 197, 33119
List the prime factors of 211486822.
2, 83, 1274017
List the prime factors of 879758077.
11, 53, 1509019
List the prime factors of 24324339.
3, 13, 47977
What are the prime factors of 92772904?
2, 7, 1656659
What are the prime factors of 235571175?
3, 5, 7, 23, 929
List the prime factors of 51963327.
3, 13, 444131
List the prime factors of 7001795.
5, 73, 19183
List the prime factors of 1452011739.
3, 67, 421, 17159
List the prime factors of 1628062.
2, 814031
List the prime factors of 160255661.
5879, 27259
List the prime factors of 967006207.
617, 1567271
What are the prime factors of 268769495?
5, 67, 802297
What are the prime factors of 353869425?
3, 5, 7, 13, 823
What are the prime factors of 1704981136?
2, 17, 6268313
List the prime factors of 791382627.
3, 7, 67, 313, 599
List the prime factors of 3716334105.
3, 5, 11, 2047567
List the prime factors of 28004649.
3, 641, 14563
List the prime factors of 13472707.
13472707
What are the prime factors of 531937847?
7, 1847, 41143
List the prime factors of 3047025100.
2, 5, 7, 4352893
What are the prime factors of 63496964?
2, 587, 27043
What are the prime factors of 37826306?
2, 7, 23, 79, 1487
What are the prime factors of 1670204970?
2, 3, 5, 7, 2651119
List the prime factors of 2515175691.
3, 7, 127, 943073
What are the prime factors of 1595590398?
2, 3, 19, 31, 89
What are the prime factors of 15602884?
2, 11, 101, 3511
What are the prime factors of 1055523536?
2, 65970221
List the prime factors of 1930545837.
3, 11, 19500463
List the prime factors of 33816491.
53, 638047
List the prime factors of 59884400.
2, 5, 149711
What are the prime factors of 284970291?
3, 83, 1049, 1091
List the prime factors of 4339520.
2, 5, 71, 191
What are the prime factors of 28064972?
2, 13, 539711
List the prime factors of 176575943.
83, 2127421
What are the prime factors of 271374199?
29, 9357731
What are the prime factors of 1845034612?
2, 1787, 258119
List the prime factors of 200942214.
2, 3, 11, 19, 23, 6967
List the prime factors of 5169434.
2, 23, 109, 1031
What are the prime factors of 67762071?
3, 13, 23, 149
List the prime factors of 1349397826.
2, 7, 96385559
What are the prime factors of 3468039632?
2, 4831, 44867
List the prime factors of 303013905.
3, 5, 37, 43, 12697
List the prime factors of 1930200239.
11, 175472749
List the prime factors of 1376245572.
2, 3, 13, 23, 541, 709
List the prime factors of 467162783.
103, 4535561
List the prime factors of 358223090.
2, 5, 443, 80863
What are the prime factors of 553820547?
3, 7, 26372407
List the prime factors of 3079868877.
3, 342207653
List the prime factors of 572053136.
2, 35753321
What are the prime factors of 483796716?
2, 3, 13, 223, 13907
What are the prime factors of 334123602?
2, 3, 661, 84247
What are the prime factors of 81634980?
2, 3, 5, 7, 27767
List the prime factors of 1330102109.
7, 27144941
What are the prime factors of 186381506?
2, 17, 37, 148157
List the prime factors of 44144830.
2, 5, 563, 7841
What are the prime factors of 106522629?
3, 17, 2088679
What are the prime factors of 98808277?
1901, 51977
What are the prime factors of 199168358?
2, 99584179
What are the prime factors of 29475238?
2, 13, 367, 3089
List the prime factors of 4545686715.
3, 5, 137, 1181, 1873
List the prime factors of 15623870.
2, 5, 41, 53, 719
What are the prime factors of 888599090?
2, 5, 233, 381373
List the prime factors of 4547285241.
3, 71, 367, 58171
What are the prime factors of 574461298?
2, 79, 3635831
What are the prime factors of 959504134?
2, 419, 1144993
What are the prime factors of 294058361?
294058361
List the prime factors of 539027504.
2, 31, 1086749
What are the prime factors of 1727559604?
2, 431889901
What are the prime factors of 238720771?
3359, 71069
What are the prime factors of 2221182830?
2, 5, 53, 1109, 3779
What are the prime factors of 2279334315?
3, 5, 29, 59, 88811
List the prime factors of 2104950241.
61, 34507381
List the prime factors of 30196619.
30196619
List the prime factors of 7568632093.
11, 487, 1412849
What are the prime factors of 906328115?
5, 7, 11, 214009
What are the prime factors of 86291223?
3, 28763741
List the prime factors of 107088977.
61, 389, 4513
What are the prime factors of 751724625?
3, 5, 401, 4999
What are the prime factors of 157874627?
79, 1998413
List the prime factors of 1327944400.
2, 5, 3319861
List the prime factors of 119327405.
5, 37, 645013
What are the prime factors of 1754430008?
2, 219303751
List the prime factors of 1070206816.
2, 7, 269, 17761
What are the prime factors of 191286035?
5, 38257207
List the prime factors of 2266929944.
2, 47, 409, 14741
List the prime factors of 234935023.
113, 2079071
List the prime factors of 19486742.
2, 11, 19, 46619
What are the prime factors of 7107686540?
2, 5, 491, 723797
What are the prime factors of 403210500?
2, 3, 5, 7, 11, 3491
List the prime factors of 1824633283.
11, 3257, 50929
What are the prime factors of 2129160281?
6361, 334721
List the prime factors of 392760215.
5, 101, 777743
What are the prime factors of 28485469?
647, 44027
What are the prime factors of 441159219?
3, 49017691
List the prime factors of 543480074.
2, 271740037
List the prime factors of 29732179.
167, 178037
List the prime factors of 2544232167.
3, 281, 335341
List the prime factors of 3890183105.
5, 29, 26828849
What are the prime factors of 960809314?
2, 23, 20887159
List the prime factors of 1404711503.
13, 108054731
What are the prime factors of 30412307?
631, 48197
List the prime factors of 616094250.
2, 3, 5, 821459
List the prime factors of 50996961.
3, 2131, 2659
List the prime factors of 28156110.
2, 3, 5, 938537
List the prime factors of 318465133.
7, 45495019
What are the prime factors of 1008724958?
2, 504362479
What are the prime factors of 131027339?
2531, 51769
List the prime factors of 224884911.
3, 1009, 74293
What are the prime factors of 1822815553?
13, 140216581
What are the prime factors of 83364006?
2, 3, 11, 23, 54917
What are the prime factors of 330599729?
12589, 26261
What are the prime factors of 2047848788?
2, 511962197
What are the prime factors of 47673423?
3, 7, 17, 6359
What are the prime factors of 96357732?
2, 3, 8029811
List the prime factors of 57073736.
2, 73, 97729
List the prime factors of 310237612.
2, 77559403
What are the prime factors of 45345117?
3, 15115039
List the prime factors of 1172185637.
7, 5813, 28807
What are the prime factors of 327485770?
2, 5, 757, 43261
List the prime factors of 4392127707.
3, 11, 133094779
What are the prime factors of 2845981816?
2, 29, 1619, 7577
What are the prime factors of 788539659?
3, 23, 11428111
List the prime factors of 264548909.
264548909
List the prime factors of 34192049.
17, 53, 137, 277
What are the prime factors of 3057417545?
5, 7, 13, 2399, 28